- a - (0 + -4). Let f(t) = t. List the prime factors of f(h).
2
Suppose 2*x + 4*v = 2, -3*x + 4*v + 5 = 2*x. List the prime factors of x + -4*(-3 - -1).
3
Let g(u) = -32*u - 1. Let q be g(-1). Let v = q + -21. What are the prime factors of v?
2, 5
Suppose -3*x + 5*x - 4*h + 120 = 0, 0 = 4*x + 3*h + 185. Let p = x - -80. List the prime factors of p.
2, 3, 5
Let c(l) = l**2 - 9*l + 20. What are the prime factors of c(12)?
2, 7
Suppose 0 = -2*b - 0*v + 2*v + 12, 12 = b - 4*v. Suppose l = -b*n + 59, -2*n - 2*l = -29 + 1. List the prime factors of n.
3, 5
Let l = 67 - 17. List the prime factors of l.
2, 5
Let r(o) = -o**3 - 5*o**2 + 8*o + 9. Let m be r(-6). Let h = 0 - m. Suppose -5*y + 60 = -3*d + 10, 4*y - h*d = 40. List the prime factors of y.
2, 5
Let c = 59 - 25. What are the prime factors of c?
2, 17
Let t = 35 + -16. Suppose 0 = -3*o + 26 + t. List the prime factors of o.
3, 5
Suppose 48 = -0*u - 3*u. Let i be (-3)/(((-6)/(-52))/1). Let s = u - i. List the prime factors of s.
2, 5
Let f = -3 + -4. Let g = -5 - f. What are the prime factors of g?
2
Let v(h) = -7*h + 4. Let x be v(5). Let j = x - -45. What are the prime factors of j?
2, 7
Let y be (1/(-5))/((-1)/5). Let x = 13 + y. What are the prime factors of x?
2, 7
Suppose 3*y + 0*y = 0. Suppose y*b + 2*b - 28 = 0. List the prime factors of b.
2, 7
Suppose 0 = -4*f - f. Suppose 11*s - 8*s - 171 = f. Suppose 0*n + 4*n = i + s, -31 = -2*n + i. List the prime factors of n.
13
Suppose -5*w + 0*y + 5*y = -5, w + 3*y = 13. Suppose -2*c + w = -4, 0 = -4*o - 5*c + 28. What are the prime factors of -12*(-1)/3*o?
2
Suppose -3*n + 12 = -165. Let l = -30 + n. List the prime factors of l.
29
Suppose -2*n + n = -8. Suppose -4*x + 7 = 2*z - 9, 2*x = z + n. List the prime factors of x.
2
Let u be (26/(-13))/(2/(-48)). Let p = -26 + u. List the prime factors of p.
2, 11
What are the prime factors of -3 + (-1)/(1/37*-1)?
2, 17
Suppose 4*q - 32 - 24 = -5*d, -20 = -5*q. Suppose -z = -8 - d. Let r = z + -6. What are the prime factors of r?
2, 5
Let t(m) = m**2 + 5*m + 1. What are the prime factors of t(-7)?
3, 5
Let i(y) = -y**3 - 8*y**2 - 9*y + 1. Let n be -2*1/((-6)/(-21)). Let s be i(n). Suppose -20 = -5*m + s. List the prime factors of m.
7
Let k be (-4)/(-12) - 16/(-6). Suppose 2*z - k*z + 35 = 0. Suppose -5*h + z = -0*h. What are the prime factors of h?
7
What are the prime factors of 5434/78 - 2/3?
3, 23
Let m(s) = 2*s**3 - 2*s**2 - 2*s + 2. Let w be m(2). List the prime factors of (70/15)/(2/w).
2, 7
What are the prime factors of (-1)/5 + 2 + (-1662)/(-10)?
2, 3, 7
Suppose -6 + 14 = 4*b. Suppose -2*i = 3*w + 3*i - b, 3*i = 4*w + 7. Let q(x) = -3*x**3 + 2*x**2 + 2*x + 1. What are the prime factors of q(w)?
2
List the prime factors of (320/(-50))/(27/15 + -2).
2
Let f(p) = 2*p**2 + 8*p. Let o be f(6). Suppose 6*a = a + o. List the prime factors of a.
2, 3
Suppose g = 6*g - 670. What are the prime factors of g?
2, 67
Let g be (-2*1)/(1/(-1)). Suppose 4*b - 5*d + 9 = 0, g*b + 7 = 6*d - d. What are the prime factors of b/(3/(9*-2))?
2, 3
List the prime factors of 14/4*(-140)/(-10).
7
Let g(o) = -o**2 - 5*o - 1. Let q be g(-7). Let j = -8 - q. What are the prime factors of j?
7
Let l(w) be the second derivative of w**4/6 - 2*w**3/3 - 3*w**2/2 - 2*w. List the prime factors of l(4).
13
Suppose s = 2*k, -5*k - 2 + 0 = -3*s. Suppose -3*w + 60 = -k*q + 5*q, w + 3 = 0. Suppose -p + 3*n + q = 6*n, 0 = -p + 3*n - 7. What are the prime factors of p?
2
List the prime factors of (0 + -1)/((-3)/51).
17
Let y = -6 - -8. Let h = -8 + 8. Suppose -b - y*b - 3 = h, 3*b = -5*d + 47. List the prime factors of d.
2, 5
Suppose 4*u + 6 = 18. List the prime factors of u.
3
Let y(p) = -2 + 0 + p + 1. Let z be y(4). Suppose -z*m = -2*k + 37, 2*k = -k - 4*m + 13. What are the prime factors of k?
11
Suppose 0 = 3*o + o - 52. Suppose -5*g = 6*m - m - 40, -2*g + m + o = 0. Suppose -5*q + 23 + g = 0. What are the prime factors of q?
2, 3
Let l(x) = -6 - 2 + 4*x - 5. Let u(p) = -5*p + 14. Let f(s) = -4*l(s) - 3*u(s). List the prime factors of f(0).
2, 5
Let u = -2 - -6. Let c = u + 3. List the prime factors of c.
7
Let x(f) = -f**2 - 5*f + 3. Let w be x(-6). Let q(h) = -11*h + 1. List the prime factors of q(w).
2, 17
Suppose -p - 11 = -53. What are the prime factors of p?
2, 3, 7
Let c(o) = o**3 + o**2 - o + 9. Let j(t) = 3*t - 3. Let q be j(2). Suppose 2*s + r = -q, -5*s - 3 - 3 = 2*r. List the prime factors of c(s).
3
Suppose -2*g - 4*s - 37 - 45 = 0, -2*g - 2*s - 72 = 0. Let x = 2 - g. What are the prime factors of x?
3, 11
Let q be (-4 + 0)*(-9)/(-4). Let z(u) = u + 13. What are the prime factors of z(q)?
2
Let c(z) be the first derivative of -2*z - 2 - 1/4*z**4 + 3*z**2 + 4/3*z**3. List the prime factors of c(5).
3
Let n = -11 - -19. Suppose f = -f + n. What are the prime factors of f?
2
Let o = 14 - 12. List the prime factors of o.
2
Suppose 3*z = 538 + 431. What are the prime factors of z?
17, 19
Let l be 0/3 - -4 - 1. Let a be 1 - l - (-2 - -1). List the prime factors of (10/(-6))/(a/3).
5
Let s = -18 + 43. List the prime factors of s.
5
Let w = -18 - -26. Let l = 24 + -1. Let q = l - w. List the prime factors of q.
3, 5
What are the prime factors of (4 + -3)/(3/201)?
67
Let h be (27/12)/((-3)/(-40)). Suppose -3*t - 5*q = -22, 3*t - 5*q + h = 8*t. What are the prime factors of t?
2
Let a be (60/8)/(9/(-12)). Let y = a + 12. List the prime factors of y.
2
What are the prime factors of (-2)/9 + ((-5500)/(-45) - 2)?
2, 3, 5
Suppose 0 = -4*z + 83 + 89. List the prime factors of z.
43
What are the prime factors of (3 - (-44)/(-12))*-15?
2, 5
Let q = 46 + -2. List the prime factors of q.
2, 11
Suppose -3*v = 2*v + 95. Let a = 30 + v. List the prime factors of a.
11
Let w(s) = -s - 4. Let o = 8 - 14. Let v be w(o). Suppose -33 = -r - v*r. List the prime factors of r.
11
Let u be (1 - 0)*11/11. List the prime factors of (7 + -8)/(u/(-3)).
3
Let n be 2/(-6) + 555/(-9). Let z = n + 96. Suppose y = 3*y - z. List the prime factors of y.
17
Let i be (1 + -1)/2 + 9. Let b be (1/(-3))/(1/(-15)). Suppose -i = -2*m + b. List the prime factors of m.
7
Suppose -3*n - 6 = -4*g, -g + n = -n - 4. Suppose g = 2*z - 9 - 19. What are the prime factors of z?
2, 7
Suppose 4*k + 7 + 3 = 3*t, -26 = 3*t + 5*k. Let i be 3/(1 + 2) - t. Let x = 6 + i. List the prime factors of x.
3
Let f = 12 - 6. Suppose -4 = -2*s - 2*r - 3*r, 4*r = 3*s - f. Suppose -2*z = -5*d - 41 - 9, 5*z - s*d - 83 = 0. List the prime factors of z.
3, 5
Suppose 0 = -h + 7*r - 4*r + 34, 20 = 5*r. What are the prime factors of h?
2, 23
Let l(g) be the third derivative of 1/120*g**6 + 0*g - 3*g**2 + 1/12*g**5 + 1/12*g**4 + 0 - 5/6*g**3. List the prime factors of l(-4).
3
Let s be 108/4 + (1 - 2). Let y = s - 15. What are the prime factors of y?
11
Suppose 4*k - 4*x - 260 = 0, 78 = -5*k + x + 403. List the prime factors of k.
5, 13
Suppose 9 = 4*w - 11. Suppose 58 = w*j + 18. What are the prime factors of j?
2
Suppose 0 = -3*a - 4*c + 1, 2*c = 2*a - c - 12. Suppose 3*d = 3*i - 24, -a*i + 2*d + 7 = -18. Let w = i - -5. List the prime factors of w.
2, 7
Let p be (-4)/(-2 - 6)*8. Suppose -2*d = -p*d + 66. What are the prime factors of d?
3, 11
List the prime factors of -2*(-4)/(-16)*-58.
29
Let b = -169 - -246. Suppose -4*k = 4*l - b - 75, -k - 137 = -4*l. List the prime factors of l.
5, 7
Suppose -2*s = -s + 3. Let n be (1 + 96/(-9))*s. Let o = n - 18. List the prime factors of o.
11
Let p(q) = -14*q**2 - 68*q + 12. Let j(m) = 5*m**2 + 23*m - 4. Let g(z) = 11*j(z) + 4*p(z). What are the prime factors of g(-17)?
2, 19
List the prime factors of 206 + (-3 - (-7)/((-28)/(-8))).
5, 41
Suppose 3*o = -4*m + 488, -m = -3*o + 3*m + 472. List the prime factors of o.
2, 5
Let x = -32 + 57. Suppose u - 9 = x. What are the prime factors of u?
2, 17
Let c = -4 + 4. Suppose 0 = 3*f - c - 45. What are the prime factors of f?
3, 5
Suppose 0 = 3*k - 4*c - 14, -2*c - 6 = 3*k - 26. Suppose 0 = 5*t - k*t - 2. What are the prime factors of 20/t*12/(-30)?
2
Let s(k) = -3*k**2 + 2*k + 2. Let y = 7 + -4. Let v be s(y). Let x = v - -31. What are the prime factors of x?
2, 3
Let o(x) = x + 10. Let h(p) = -p - 6. Let k be h(0). Let q = k + 13. List the prime factors of o(q).
17
What are the prime factors of 2 + -1 + (10